 is the hundred thousands digit of 361282632?
2
What is the hundred millions digit of 220201739?
2
What is the thousands digit of 59024451?
4
What is the tens digit of 278413429?
2
What is the ten millions digit of 4171763349?
7
What is the hundred thousands digit of 189721879?
7
What is the ten thousands digit of 2866560146?
6
What is the hundred thousands digit of 184348291?
3
What is the tens digit of 197005470?
7
What is the millions digit of 17736638?
7
What is the millions digit of 96033386?
6
What is the hundred millions digit of 7126450484?
1
What is the hundred thousands digit of 1069808189?
8
What is the billions digit of 4437332652?
4
What is the hundred millions digit of 138523939?
1
What is the ten thousands digit of 9775528?
7
What is the tens digit of 113551940?
4
What is the ten thousands digit of 28028684?
2
What is the hundreds digit of 4787289342?
3
What is the ten thousands digit of 1831871378?
7
What is the ten thousands digit of 55166629?
6
What is the ten thousands digit of 163998021?
9
What is the hundreds digit of 320680310?
3
What is the millions digit of 359113414?
9
What is the hundred millions digit of 103968287?
1
What is the units digit of 412836444?
4
What is the hundred thousands digit of 40989751?
9
What is the ten thousands digit of 15784776?
8
What is the thousands digit of 164463641?
3
What is the thousands digit of 63501812?
1
What is the ten thousands digit of 24064723?
6
What is the hundred thousands digit of 228050439?
0
What is the hundreds digit of 55433554?
5
What is the hundred thousands digit of 80986309?
9
What is the tens digit of 123717617?
1
What is the hundred millions digit of 3329484663?
3
What is the ten thousands digit of 54100936?
0
What is the ten thousands digit of 1181538683?
3
What is the thousands digit of 52728236?
8
What is the hundred thousands digit of 56184247?
1
What is the billions digit of 2132455985?
2
What is the ten thousands digit of 83990504?
9
What is the millions digit of 1963081748?
3
What is the millions digit of 64973784?
4
What is the units digit of 80342905?
5
What is the tens digit of 2440829586?
8
What is the thousands digit of 39146233?
6
What is the millions digit of 467786554?
7
What is the hundred millions digit of 188722878?
1
What is the units digit of 19330733?
3
What is the billions digit of 3395587393?
3
What is the millions digit of 228693582?
8
What is the tens digit of 1435031020?
2
What is the units digit of 20884636?
6
What is the millions digit of 50842227?
0
What is the hundred millions digit of 269872738?
2
What is the millions digit of 3869871323?
9
What is the units digit of 92900612?
2
What is the hundreds digit of 8172596?
5
What is the hundred thousands digit of 23899135?
8
What is the tens digit of 163272891?
9
What is the thousands digit of 98980496?
0
What is the ten millions digit of 99700838?
9
What is the thousands digit of 2327120?
7
What is the tens digit of 551790420?
2
What is the units digit of 127063280?
0
What is the units digit of 17657388?
8
What is the thousands digit of 405730852?
0
What is the ten millions digit of 521183936?
2
What is the ten thousands digit of 11239069?
3
What is the tens digit of 82960925?
2
What is the hundred thousands digit of 266617877?
6
What is the hundreds digit of 119167134?
1
What is the billions digit of 1194341911?
1
What is the ten thousands digit of 867218795?
1
What is the tens digit of 70571744?
4
What is the ten thousands digit of 891077357?
7
What is the ten thousands digit of 30989482?
8
What is the hundred thousands digit of 109138528?
1
What is the tens digit of 309159211?
1
What is the ten thousands digit of 230547643?
4
What is the ten millions digit of 63167302?
6
What is the units digit of 128094299?
9
What is the hundred thousands digit of 15230083?
2
What is the tens digit of 372581154?
5
What is the tens digit of 88559490?
9
What is the hundreds digit of 195126108?
1
What is the millions digit of 344760098?
4
What is the millions digit of 2479657669?
9
What is the units digit of 528369290?
0
What is the tens digit of 185563127?
2
What is the ten millions digit of 118986953?
1
What is the thousands digit of 734720282?
0
What is the millions digit of 334643996?
4
What is the hundred millions digit of 465723373?
4
What is the units digit of 700181867?
7
What is the hundred thousands digit of 59924009?
9
What is the units digit of 248599857?
7
What is the ten thousands digit of 235286821?
8
What is the millions digit of 5001980780?
1
What is the hundred thousands digit of 33968563?
9
What is the thousands digit of 3047889275?
9
What is the ten thousands digit of 58450333?
5
What is the millions digit of 5364603905?
4
What is the units digit of 758617367?
7
What is the thousands digit of 7668720?
8
What is the tens digit of 135473743?
4
What is the millions digit of 170475628?
0
What is the hundreds digit of 792194644?
6
What is the thousands digit of 1564690213?
0
What is the ten thousands digit of 124151503?
5
What is the hundred millions digit of 173208362?
1
What is the ten millions digit of 27324205?
2
What is the ten millions digit of 431854327?
3
What is the ten millions digit of 394361597?
9
What is the ten thousands digit of 2353749379?
4
What is the ten millions digit of 614893019?
1
What is the units digit of 789609717?
7
What is the ten thousands digit of 404460216?
6
What is the thousands digit of 41862616?
2
What is the thousands digit of 61930435?
0
What is the ten millions digit of 410498462?
1
What is the hundred thousands digit of 19821378?
8
What is the billions digit of 2265108938?
2
What is the ten thousands digit of 57914?
5
What is the ten thousands digit of 45305722?
0
What is the hundreds digit of 283487903?
9
What is the hundreds digit of 22244127?
1
What is the ten millions digit of 66269340?
6
What is the hundreds digit of 791122279?
2
What is the tens digit of 415548663?
6
What is the hundred millions digit of 171379972?
1
What is the thousands digit of 65505395?
5
What is the millions digit of 62356263?
2
What is the ten thousands digit of 2557386168?
8
What is the tens digit of 74888695?
9
What is the hundreds digit of 880060537?
5
What is the ten millions digit of 33781825?
3
What is the ten millions digit of 29111040?
2
What is the units digit of 209537434?
4
What is the hundreds digit of 271685263?
2
What is the ten thousands digit of 122694549?
9
What is the hundreds digit of 1399734098?
0
What is the hundreds digit of 540383833?
8
What is the millions digit of 39978923?
9
What is the tens digit of 275686092?
9
What is the hundred millions digit of 3611568350?
6
What is the units digit of 122705620?
0
What is the tens digit of 1070247626?
2
What is the ten millions digit of 201971565?
0
What is the hundred millions digit of 2371903357?
3
What is the hundred millions digit of 210150111?
2
What is the hundred thousands digit of 289719203?
7
What is the ten millions digit of 257277858?
5
What is the hundred millions digit of 505333190?
5
What is the ten millions digit of 28467081?
2
What is the ten thousands digit of 371004755?
0
What is the ten thousands digit of 22327018?
2
What is the tens digit of 2154447477?
7
What is the units digit of 171846024?
4
What is the units digit of 26609968?
8
What is the tens digit of 1873587031?
3
What is the millions digit of 1350088836?
0
What is the hundred millions digit of 4901081349?
9
What is the millions digit of 2896539353?
6
What is the ten thousands digit of 6379600?
7
What is the hundred millions digit of 1251727198?
2
What is the hundreds digit of 2142758999?
9
What is the millions digit of 107123340?
7
What is the thousands digit of 66541046?
1
What is the hundred thousands digit of 77548898?
5
What is the hundreds digit of 616324582?
5
What is the hundreds digit of 149353488?
4
What is the hundreds digit of 48365443?
4
What is the tens digit of 363511350?
5
What is the tens digit of 14082043?
4
What is the units digit of 18168455?
5
What is the hundred thousands digit of 77261234?
2
What is the billions digit of 1002470666?
1
What is the billions digit of 1746254994?
1
What is the tens digit of 4562691903?
0
What is the thousands digit of 1558335795?
5
What is the millions digit of 146167645?
6
W